factors of k?
2, 313
Let v(l) be the second derivative of -163*l**3/6 - l**2/2 - 5*l. Suppose 4 = 4*s - 4*u, 0*s - 15 = 5*s + 5*u. List the prime factors of v(s).
2, 3
Suppose 5*p + h - 1881 = -0*p, -5*h = 2*p - 734. Suppose v + 16 = 4*a + p, -2*v + 5*a + 737 = 0. Let k = v + -256. What are the prime factors of k?
5
Let t(x) = x**3 + 8*x**2 - 5*x - 37. Let f be t(-15). Let a = -1033 - f. List the prime factors of a.
2, 3, 7
Let y(u) = u**2 - 12*u + 8. Let d be y(10). Let p be (144/(-90))/(4/10). What are the prime factors of p/d - 52/(-6)?
3
Suppose 51 = 7*v - 12. Suppose -4*b - 9 = -7*b + 5*d, -v = -3*b - d. Suppose z + 5*h = b*h + 98, -3*z = 5*h - 292. What are the prime factors of z?
2, 47
Suppose 0 = 3*w - 310 + 22. Let r = -373 - -419. Let y = w - r. What are the prime factors of y?
2, 5
Let b(v) = -35*v**3 - 21*v - 47. List the prime factors of b(-7).
3, 5, 269
Suppose 3*f + 194 = 5*q, 3*f - 3*q + 248 = 62. List the prime factors of (-38 + -13)/(2/f).
3, 17, 29
Let x(j) = -6*j**2 + 5*j - 5. Let g be x(-6). Let i = g + 373. List the prime factors of i.
2, 61
Suppose 23*v - 483 = -0*v. Suppose -v*t + 17*t - 1008 = -2*q, -2*t = -4*q + 2034. What are the prime factors of q?
2, 3, 5, 17
Let i(z) = -122*z**2 + 2*z - 12. Let a(q) = -243*q**2 + 3*q - 22. Let v(k) = -3*a(k) + 5*i(k). What are the prime factors of v(3)?
2, 3, 5
Let g be -300*(8/(-12))/(-1). Let i be (-9)/(36/g) - 2. List the prime factors of 59/((-2)/8 + 36/i).
2, 59
Let a = -66623 - -99648. What are the prime factors of a?
5, 1321
Suppose -5*u = 2*k - 10, -4*k = -3*k - 2*u + 13. Let j be k + 1 - (-298 + 3). Suppose -6*z + 1029 - j = 0. List the prime factors of z.
3, 41
Suppose 0 = -4*w - 20*r + 16*r + 28720, -35891 = -5*w - 2*r. Suppose 11*g - 9301 = w. List the prime factors of g.
2, 7, 107
Let l(u) = -438*u - 145. Let a be l(10). Let t = a + 6482. List the prime factors of t.
19, 103
Suppose -875359 + 5597479 = 149*h + 46*h. What are the prime factors of h?
2, 3, 1009
Let i(t) = -31*t**3 + 14*t**2 + 29*t + 200. List the prime factors of i(-9).
2, 11, 269
Suppose 3*s + 1 = 5*j, 3*j - j = 4. Suppose k + 8*l - s*l = -8, 3*l - 40 = k. List the prime factors of (-4052)/k + -7 + (-2)/(-7).
2, 3, 23
Let o(j) = -507*j**3 - 3*j**2 + 33*j + 109. List the prime factors of o(-3).
2, 1709
Suppose 309 = 7*i + 274. Suppose -5*p = -4*q - 332 - 162, i*q + 103 = p. What are the prime factors of p?
2, 7
Suppose -16*t + 84 - 20 = 0. Suppose -5*h = p - 297, -4*p + 1104 = -5*h + t*h. List the prime factors of p.
277
Let h(y) = -y**3 + 11*y**2 + 13*y - 14. Let l be h(12). Let t(i) = i**3 - i**2 - 5*i - 1. Let f be t(l). List the prime factors of (f/(-6))/(3/810).
3, 5
Let b be (-2 - 21/(-9))/((-1)/(-9)). Suppose x + n = b*n + 205, -x + 3*n = -203. What are the prime factors of x?
11, 19
Let n be -1 + 1 - 72/12. Let o be -2 - (n + -3 + 2). Suppose -z = -o*f - 0*z + 143, 2*f = 5*z + 48. What are the prime factors of f?
29
Let a(u) = -12*u - 26. Let g be a(-4). Let x(p) = p**3 + 8*p**2 + 7*p - 1. Let d be x(-7). Let z = g - d. List the prime factors of z.
23
Let k = -4 + 6. Suppose 5*n - 651 = -3*o, 384 = 3*n + 12*o - 8*o. Suppose 6*y - 2*y = 2*d - n, -136 = -k*d + 3*y. What are the prime factors of d?
2, 37
Suppose v - 3 = -3*y + 1, 4*y - 8 = -2*v. Suppose 4*s + v*d - 516 = 0, -s = 14*d - 12*d - 125. List the prime factors of s.
7, 19
Suppose 53*n - 5*g + 96152 = 56*n, -5*n = -3*g - 160242. What are the prime factors of n?
3, 1187
Let c(i) = -13*i - 4. Let b be c(2). Let m = b - -61. What are the prime factors of (-1)/(6/27 + m/(-99))?
11
Suppose 2*g = -3*i - 188, 2*i - 3*g + 115 = -6. Let t(p) = -127*p - 122. Let o be t(-2). Let z = o + i. What are the prime factors of z?
2, 5, 7
Let c(z) = 2*z**2 + 23*z + 74. Let r be c(-7). What are the prime factors of (218 + r)/((-3)/(-3))?
229
Suppose v + 4 - 23 = 0. Let x(j) be the first derivative of 2*j**2 + 3*j - 6. List the prime factors of x(v).
79
Let o(k) = -15*k**3 + 4*k**2 + 4*k - 6. Let s be o(3). Let n = 648 + s. List the prime factors of n.
3, 5, 19
What are the prime factors of (4 + 7)*(-3544)/(-22)?
2, 443
Suppose q - 4*r - 1558 = -q, 0 = -5*r - 10. Let b = -432 + q. What are the prime factors of b?
7
Let r(g) = -g**2 + 83*g + 71. What are the prime factors of r(81)?
233
Let a = 2243 + 1313. What are the prime factors of a?
2, 7, 127
Let j = -189 - -189. Suppose j = 3*q - 1340 + 314. What are the prime factors of q?
2, 3, 19
Let r(q) = -8*q**2 + 35*q + 1308. Let p(n) = 6*n**2 - 23*n - 872. Let i(f) = 7*p(f) + 5*r(f). List the prime factors of i(0).
2, 109
Let w(b) = 3*b**2 - 13*b + 20. Let m be w(24). Suppose -n + 486 = -4*i + 127, 4*n - 2*i = m. What are the prime factors of n?
359
Suppose -42*d + 48*d = 69114. Suppose -24441 = -40*v + d. List the prime factors of v.
29, 31
Let j = 15851 + -10148. List the prime factors of j.
3, 1901
Let z(s) be the first derivative of 7*s**3/3 + 7*s**2/2 - 9*s - 7. Let m be z(-7). Suppose -4*n + m = -75. What are the prime factors of n?
2, 3, 5
Let j = 83 + -67. Suppose -5*h + 2*v = -0*h - j, -2*h + 3*v = -13. List the prime factors of 82/(h - (-60)/(-35)).
7, 41
Suppose 2*m - 38 + 38 = -4*m. Let a = -1 + 1. Suppose -3*k - 4*x + 412 = m, a*k - k - 3*x + 129 = 0. What are the prime factors of k?
2, 3
Let h(b) = 8*b - 153. Let x be h(-13). Let o = 268 + x. List the prime factors of o.
11
Let p(d) = 2*d**3 + 13*d**2 - 8*d - 2. Let y be p(6). Suppose -2*x + 3*h + 854 = 0, -3*x + 5*x - 4*h = y. List the prime factors of x.
433
Suppose -b - 2*k = 3, -4*b + k + 8 = 4*k. Suppose -3*z = x - 485, -b*z + 3 + 2 = 0. List the prime factors of x.
2, 241
Let t be (-143)/3*-1*3. Suppose 13*s - 137*s - 13262 + 38062 = 0. Let h = s - t. What are the prime factors of h?
3, 19
Let x(o) = 3368*o**3 - 17*o + 16. What are the prime factors of x(1)?
7, 13, 37
Let u(n) = -28*n**2 + 8*n + 6. Let d be u(-1). Let m = d + 167. List the prime factors of m.
137
Suppose -1 + 21 = 4*u. Let h = 9 - u. Suppose f - 45 = 4*k, 2*f - 4*f = h*k - 102. List the prime factors of f.
7
Let q = -25042 + 37749. What are the prime factors of q?
97, 131
Suppose -4658 = -x + 5*c, 3*x - 3*c - 4204 = 9722. What are the prime factors of x?
2, 3, 773
Suppose -83*v + 447617 = -491098 - 317241. List the prime factors of v.
2, 3, 13, 97
Let x = -530 - -231. Let u = x - -638. List the prime factors of u.
3, 113
Suppose 3*h = -5*r + 696, -3*h = 4*r + 2*h - 562. Let w be r/(4/20*5). List the prime factors of (-1)/((-3)/w) + -6 + 4.
2, 11
Let v(y) = 50*y**2 + 57*y - 406. What are the prime factors of v(-24)?
2, 13513
Suppose -3*b = 5*u + 4, 3*u - 5*b = -2*u + 20. Let f(c) = 192*c**3 - 2*c**2 + 3*c - 2. What are the prime factors of f(u)?
191
Let p = -2044 + 6246. What are the prime factors of p?
2, 11, 191
Let g = 969 + 25146. Suppose -2*h = 13*h - g. What are the prime factors of h?
1741
Let h be 31*4*(-168)/96. Let q = h - -304. What are the prime factors of q?
3, 29
Let q(k) = 4*k**3 - 15*k**2 + 36*k - 82. What are the prime factors of q(8)?
2, 647
Suppose -d = 3*h - 60 + 44, 2*h + 2*d = 16. Suppose 7*y - 10*y + 833 = h*b, 0 = 2*b - y - 419. What are the prime factors of b?
11, 19
Suppose 4*n = 10*c - 7*c - 4, 2*n - 4*c + 2 = 0. What are the prime factors of (22/(-44))/(2/n)*1732?
433
Let i = 411 - -184. Let q(j) = 52*j - 1. Let k be q(8). Let b = i - k. List the prime factors of b.
2, 3, 5
Let a = -45422 - -77264. What are the prime factors of a?
2, 3, 29, 61
Let r be 2/5 + (-30)/75. Suppose r*n = -2*s + 4*n - 10, -4*s + 4 = -2*n. List the prime factors of s.
3
Let k(b) = -13*b + 264. Let j be k(18). List the prime factors of 60024/j + 5/25.
3, 23, 29
Let i = 60 + -39. Suppose 2*v + 9 - i = 0. Let p = v - -5. What are the prime factors of p?
11
Let k(r) = 1181*r + 241. List the prime factors of k(1).
2, 3, 79
Let w = -1302 + 7879. What are the prime factors of w?
6577
Suppose -3*x + 4*x - 11316 = -g, -3*x = -g + 11332. List the prime factors of g.
2, 5, 283
Let j = 178 - 163. Suppose j*l - 7316 = 1549. List the prime factors of l.
3, 197
Suppose 1450 = j + 4*j. Let k(z) = z**2 - 32*z + 110. Let a be k(25). Let n = j + a. List the prime factors of n.
3, 5
Let r(w) = -189*w + 1137. What are the prime factors of r(-36)?
3, 2647
Suppose d - 94770 = -2*d + 29211. Lis